68. Is j composite?
False
Let l be (-2)/8 - 1449/(-84). Is (8/12*l)/((-6)/(-117)) composite?
True
Suppose 2*o + d + 25 = 0, 3*o + 19 + 15 = 2*d. Is 378 - (2/2)/(o/48) a composite number?
True
Suppose -7*n + 42906 - 15095 = 0. Is n a composite number?
True
Is (4 - -2175)*(6 - (-5)/(-1)) a prime number?
True
Suppose -5 + 4 = 4*d - g, 0 = 4*d - 2*g + 2. Suppose l + 2*l + 5*w - 2901 = d, l + w = 967. Is l a composite number?
False
Suppose 333771 = 5*l + 4*x - 159080, 5*x + 197114 = 2*l. Is l a prime number?
False
Let c = 10180 + -2697. Suppose 2*o + c = 9*o. Is o prime?
True
Suppose 3*o + 3*o = -72. Is 4*((-7515)/o)/3 a prime number?
False
Suppose 25633 + 112495 = 16*z. Is z a prime number?
False
Suppose 160*f = 164*f. Suppose 3*w - 4*w - 2*i + 3899 = f, 5*w - 19543 = 2*i. Is w prime?
True
Let x = 0 - -23. Is -14*(-4)/8*x a prime number?
False
Suppose m = -3*m + 8. Suppose 2*r = -m*r + 5692. Is r composite?
False
Suppose -140*n = -123*n - 428111. Is n prime?
True
Let j(i) = -65*i - 6. Let t be j(-13). Let c be (-2)/(-4) - 1/2. Suppose -5*n + t + 2436 = c. Is n a prime number?
False
Suppose -4*q + 921 = -q. Suppose -n = -5*l - q, 2*n - l = 438 + 194. Is n composite?
False
Let u = 12581 + 5380. Is u prime?
False
Suppose 3260*h = 3255*h + 12385. Is h composite?
False
Let z = 34 - 43. Let n(b) = b**3 + 13*b**2 - b + 6. Is n(z) prime?
False
Suppose 4*f - 2*j = 40360, 50457 = 3*f + 2*f + j. Is f a prime number?
True
Suppose -4*p + u + 63486 = 0, 0 = -28*u + 31*u + 6. Is p a prime number?
False
Suppose 13 = -4*n + 5. Is 254 + -1 + n - 0 prime?
True
Suppose 8*s = 3*s + 2*y + 17, -3*s = -4*y - 13. Suppose 226*r - 2648 = 218*r. Suppose -2*f - 2*f = -s*g - 649, -5*g + r = 2*f. Is f composite?
False
Let h = 296 - 203. Suppose 4*a = h + 751. Is a a composite number?
False
Suppose -r = 5*s - 3969, -14 + 34 = -5*s. Is r composite?
False
Suppose -z + 11210 = p, -5*z + 22997 = -4*p - 33080. Is z a prime number?
True
Is (114/12 - 6)*398032/56 a composite number?
False
Suppose -5 = 3*j + 2*j. Is 1556 - ((-3)/j + (-8 - -2)) a prime number?
True
Let h be -219*(30/(-9) - 4). Let s = h + -1088. Let v = s + -331. Is v composite?
True
Suppose -21*y + 37*y = 101936. Is y prime?
False
Suppose -4*o = -5*p - o + 6, -2*p - 2*o - 4 = 0. Suppose -d = -p*d. Suppose -21*a + 24*a - 573 = d. Is a prime?
True
Let k = -15707 + 9692. Is k/(-9) + 17/3 + -5 composite?
True
Let d(c) be the second derivative of 5*c**4/12 + 5*c**3/6 - 11*c**2/2 - 8*c. Is d(13) a composite number?
True
Let y = 2 + 136. Suppose 0 = -4*m + m + y. Is m a composite number?
True
Let w(a) be the second derivative of a**6/360 - a**5/20 + 5*a**4/12 + a**3/3 + 5*a. Let o(b) be the second derivative of w(b). Is o(9) a prime number?
True
Suppose 3*t - 2118 = -u, -4*u = -t + 3*t - 1412. Is t composite?
True
Is 56356 - (-2 - 1)/(2/2) prime?
True
Is (-6)/9 + 34217/3 prime?
False
Let a(h) = -h**3 - 17*h**2 + 30*h + 29. Let w be a(-20). Suppose 4*x - 14 = 26. Suppose -w = -2*j - 0*j + 3*r, -2*r = x. Is j prime?
True
Let v be 10*(0 + 105 + 2). Suppose 5*x = 3*o - v - 2784, -4*x = -4*o + 5136. Is o a composite number?
False
Suppose -q + 7*r - 6*r + 1724 = 0, 0 = 4*q - 5*r - 6899. Is q a prime number?
True
Let s(y) be the third derivative of y**6/120 + y**5/60 - 2*y**2. Let o be s(0). Suppose -955 = -5*m - o*m. Is m a composite number?
False
Suppose 13*f - 3*p - 44862 = 10*f, 29910 = 2*f - 4*p. Is f a prime number?
False
Let z be (-3 + -471)*1/(-2). Let n be 0*(-1)/5 - -2*27. Let q = z - n. Is q prime?
False
Let w(s) = -4*s**2 - 21*s - 1. Let c(a) = 8*a**2 + 43*a + 3. Let j(l) = -6*c(l) - 13*w(l). Is j(10) a composite number?
True
Let f(a) = -a**3 + 18*a**2 - 17*a + 12. Let r be f(16). Let p(g) = -g**2 + 5*g. Let n be p(5). Suppose n = 2*s - 62 - r. Is s a composite number?
False
Let k(y) = 6*y**3 - 107*y**2 + 58*y - 4. Is k(25) prime?
False
Suppose 1529 = -4*v + 3997. Suppose 4*b - 611 - v = 0. Is b a composite number?
False
Let w be (-2 - 11/(-4))/((-9)/(-36)). Is (1760 - (3 - 2))/(-2 + w) composite?
False
Is (2 + (-1692)/(-16))/(2/16) composite?
True
Let x = 578 + 4721. Is x prime?
False
Let r = 22 - 12. Let k = 11 - r. Let m(t) = 113*t. Is m(k) a composite number?
False
Let x(h) be the second derivative of h**5/20 + h**4/6 - h**3/3 + 3*h**2/2 + 8*h. Let v be x(2). Is (v/(-30))/(1/(-26)) a prime number?
True
Let n be (-35)/(-30)*-3*(-6388)/2. Suppose -8*g = -g - n. Is g prime?
True
Is 83*2*(-1 - (-6 - -4)) a prime number?
False
Let f be 1/(1 - (0 - (-1)/2)). Suppose 3*g = 4*q - 8659, 4*g - f*g + 2171 = q. Is q prime?
True
Suppose 435843 + 87048 = 9*n. Is n a prime number?
True
Let j = -12 + 18. Suppose 4*o + 3*t + 1185 = 0, 4*t = o + 3*o + 1164. Is (-12)/j + o/(-2) a composite number?
True
Let f = 32 - 35. Is (-1)/f + (-2156)/(-3) prime?
True
Let w(z) = -2*z - 11. Let y be w(-6). Is (-3*64 + y)*(-9 - -8) a prime number?
True
Let i(y) = -y**3 + 5*y**2 + 5*y - 2. Let z be i(6). Suppose -3*s = 3*q + 12, -14*s = -2*q - 11*s - 8. Is (194/q)/(z/112) a prime number?
False
Let k(l) = -48810*l + 93. Is k(-1) a composite number?
True
Let d = 193 - -622. Is d a prime number?
False
Suppose 0 = -5*m - d + 92165, -m + 18433 = 116*d - 120*d. Is m prime?
True
Suppose 0*s + o - 10 = -5*s, -4*s - 2*o = -14. Let g be ((-12)/(-3) - -622) + s. Let z = g + -230. Is z a composite number?
False
Suppose 0 = -p - 2*l + 14, -5*l = -2*p - 14 - 3. Suppose 8 - 770 = -p*j + q, 3*q = -3*j + 579. Is j a composite number?
False
Suppose -13*s - 17364 = -19*s. Is s a composite number?
True
Let p = -9 + 12. Let c(l) = 0*l**p - 1 - 2*l**3 + 4 + 2*l - 10*l**2 + 0. Is c(-8) composite?
True
Let b = -1863 + 1005. Let j = -527 - b. Is j a prime number?
True
Suppose -47 = -7*y + 16. Let u(g) = -2*g**3 + 1 - y*g - 1 + g**3 - 1. Is u(-6) a composite number?
False
Let w(r) = 1036*r + 293. Is w(8) a prime number?
True
Let k(r) be the second derivative of r**4/12 + 3*r**3/2 + 2*r**2 + 8*r. Let f be k(-9). Suppose 4*b - 4*z - 1952 = -400, b = -f*z + 403. Is b prime?
False
Let u be (51 + 0)*(0 - (-4)/6). Suppose z + 3*c - u = 0, z + 2*z + 2*c = 95. Is z prime?
True
Suppose 2*z - 5*z + 4*l = -5147, -4*l + 8621 = 5*z. Is z prime?
True
Suppose y - 5*y = -68. Let m = -17 + y. Let q(x) = -2*x + 95. Is q(m) prime?
False
Let k be (10/5)/((-4)/(-56)). Suppose 4*j = -k + 112. Is j a composite number?
True
Is 5632/6 + 9/27 composite?
True
Suppose 0 = -5*n + 716 - 141. Let t = n + 1036. Is t composite?
False
Let c be (-7120)/(-25) + (6/(-2))/(-15). Let w = c - 22. Is w prime?
True
Let m be 2*(3 + (0 - 1940/8)). Let d = m + 894. Is d a composite number?
True
Let p(s) = 47*s**3 - 3*s**2 - 10*s + 7. Is p(6) prime?
False
Is (28/(-6))/(5/((-1772745)/26)) a composite number?
True
Let d be (-522)/10 - 18/(-90). Let u = -29 - d. Is u prime?
True
Let h(k) be the second derivative of -k**5/20 - k**4/6 + 5*k**3/3 - 7*k**2/2 - 3*k. Is h(-6) a prime number?
False
Let j = -41 - -51. Suppose 2*u - 3516 = -j*u. Is u prime?
True
Is -3 - (6/4)/(6/(-44624)) a prime number?
False
Suppose 17484 = -14*j - 12756. Let v = j + 5857. Is v composite?
False
Let r = -16 - -19. Let t be 16*(8 + -2)/r. Suppose 2*s - t = 84. Is s a prime number?
False
Suppose 9 = 8*l - 23. Suppose -l*d = -128 - 108. Is d a composite number?
False
Let j = 21 + -15. Let k be 1 - -1*(3 - j). Is 1099/21 - k/3 a composite number?
False
Is -2 + -6 - (-1493373)/21 a prime number?
False
Let q = 2611 + 3. Is q composite?
True
Let w(k) = -k**3 - k**2 + 4*k + 4. Let r be w(-3). Let i = r - -21. Let h = i + 18. Is h a prime number?
False
Let s(d) be the first derivative of 5*d**2/2 - 1. Let i be s(10). Suppose r = i + 47. Is r a prime number?
True
Let r(f) = f**3 + 28*f**2 + 7*f + 67. Is r(-24) a composite number?
False
Let m = 113 + -50. Let v = m - 26. Is v prime?
True
Suppose 0 = -6*i + i - 20, -2*o + 8 = -i. Suppose o*y - 2 = 8. Is 396 + 1/(y - 4) prime?
True
Let v(u) = 3*u**2 - 3*u - 3. Let h be v(3). Suppose -5*f = -h, 0*l - 357 = -2*l - f. Is l prime?
False
Let a be (-16)/(-6)*(-351)/(-52). Suppose -j + 2*h - 144 = 4*j, 0 = j - 4*h + a. Is (471/5)/((-6)/j) prime?
False
Let z(w) = -2*w**3 + 8*w**2 - 11*w - 6. Let f be z(4). Let x = f + 271. Is x a composite number?
True
Let k(g) = 40*g + 1. Let m(b) = 0*b + 12 - 2*b + 4 + b. Let v be